{"id":291,"date":"2010-10-31T14:26:08","date_gmt":"2010-10-31T11:26:08","guid":{"rendered":"http:\/\/www.opetajateliit.ee\/?page_id=291"},"modified":"2020-10-04T23:03:23","modified_gmt":"2020-10-04T20:03:23","slug":"professionaalne-opetaja","status":"publish","type":"page","link":"https:\/\/opetajateliit.ee\/?page_id=291","title":{"rendered":"Visioon, missioon, p\u00f5him\u00f5tted"},"content":{"rendered":"<p><strong>Eesti \u00d5petajate Liit <\/strong><\/p>\n<p><strong>VISIOON:<\/strong> Eesti \u00f5petaja on enesekindel oma ala meister, kes on \u00fchiskonnas v\u00e4\u00e4rtustatud ja hinnatud<\/p>\n<p><strong>MISSIOON<\/strong>: koondada Eesti \u00f5petajaid, kes tahavad anda oma panuse \u00f5petaja elukutse edendamisse ja seista \u00f5petajakutse ning haridusv\u00e4\u00e4rtuste eest pidevalt arenevas \u00fchiskonnas<\/p>\n<p><strong>Eesti \u00d5petajate Liidu p\u00f5him\u00f5tted<\/strong><\/p>\n<ul>\n<li>p\u00fchendumine \u00f5petajakutsele;<\/li>\n<li>p\u00fc\u00fcdlemine meisterlikkuse poole;<\/li>\n<li>\u00f5petajate eetikakoodeksi j\u00e4rgimine;<\/li>\n<li>\u00f5ppija arengu toetamine;<\/li>\n<li>asjakohaste meetodite ja uuenduslike ideede rakendamine;<\/li>\n<li>\u00f5petaja elukutse v\u00e4\u00e4rtustamine ja \u00f5iguste eest seismine;<\/li>\n<li>haridusk\u00fcsimustes kaasa r\u00e4\u00e4kimine;<\/li>\n<li>koost\u00f6\u00f6 erinevate huvir\u00fchmadega hariduse edendamisel.<\/li>\n<\/ul>\n<p>(Kinnitatud Esindajatekoja koosolekul 24. septembril 2011)<\/p>\n<p><a href=\"http:\/\/www.opetajateliit.ee\/wp-content\/uploads\/2011\/03\/koodeks_EOL2.pdf\">Eesti \u00f5petajaeetika koodeks<\/a><\/p>\n","protected":false},"excerpt":{"rendered":"<p>Eesti \u00d5petajate Liit VISIOON: Eesti \u00f5petaja on enesekindel oma ala meister, kes on \u00fchiskonnas v\u00e4\u00e4rtustatud ja hinnatud MISSIOON: koondada Eesti \u00f5petajaid, kes tahavad anda oma panuse \u00f5petaja elukutse edendamisse ja seista \u00f5petajakutse ning haridusv\u00e4\u00e4rtuste eest pidevalt arenevas \u00fchiskonnas Eesti \u00d5petajate Liidu p\u00f5him\u00f5tted p\u00fchendumine \u00f5petajakutsele; p\u00fc\u00fcdlemine meisterlikkuse poole; \u00f5petajate eetikakoodeksi j\u00e4rgimine; \u00f5ppija arengu toetamine; asjakohaste meetodite ja uuenduslike ideede rakendamine; \u00f5petaja<\/p>\n","protected":false},"author":5,"featured_media":0,"parent":2,"menu_order":1,"comment_status":"closed","ping_status":"closed","template":"","meta":{"footnotes":""},"class_list":["post-291","page","type-page","status-publish","hentry"],"_links":{"self":[{"href":"https:\/\/opetajateliit.ee\/index.php?rest_route=\/wp\/v2\/pages\/291","targetHints":{"allow":["GET"]}}],"collection":[{"href":"https:\/\/opetajateliit.ee\/index.php?rest_route=\/wp\/v2\/pages"}],"about":[{"href":"https:\/\/opetajateliit.ee\/index.php?rest_route=\/wp\/v2\/types\/page"}],"author":[{"embeddable":true,"href":"https:\/\/opetajateliit.ee\/index.php?rest_route=\/wp\/v2\/users\/5"}],"replies":[{"embeddable":true,"href":"https:\/\/opetajateliit.ee\/index.php?rest_route=%2Fwp%2Fv2%2Fcomments&post=291"}],"version-history":[{"count":8,"href":"https:\/\/opetajateliit.ee\/index.php?rest_route=\/wp\/v2\/pages\/291\/revisions"}],"predecessor-version":[{"id":2628,"href":"https:\/\/opetajateliit.ee\/index.php?rest_route=\/wp\/v2\/pages\/291\/revisions\/2628"}],"up":[{"embeddable":true,"href":"https:\/\/opetajateliit.ee\/index.php?rest_route=\/wp\/v2\/pages\/2"}],"wp:attachment":[{"href":"https:\/\/opetajateliit.ee\/index.php?rest_route=%2Fwp%2Fv2%2Fmedia&parent=291"}],"curies":[{"name":"wp","href":"https:\/\/api.w.org\/{rel}","templated":true}]}}